1475216?
4
What is the hundred thousands digit of 6304930?
3
What is the hundred thousands digit of 1169429?
1
What is the units digit of 3029767?
7
What is the hundred thousands digit of 7639018?
6
What is the units digit of 106811?
1
What is the units digit of 14781015?
5
What is the tens digit of 27431343?
4
What is the units digit of 253314?
4
What is the units digit of 302937?
7
What is the units digit of 128179?
9
What is the thousands digit of 7003516?
3
What is the ten thousands digit of 88178?
8
What is the units digit of 2705833?
3
What is the hundred thousands digit of 278502?
2
What is the units digit of 227990?
0
What is the millions digit of 5653712?
5
What is the ten thousands digit of 1230084?
3
What is the tens digit of 10228237?
3
What is the tens digit of 262250?
5
What is the tens digit of 1361959?
5
What is the hundreds digit of 218942?
9
What is the hundreds digit of 138857?
8
What is the ten thousands digit of 73714?
7
What is the hundreds digit of 8300831?
8
What is the thousands digit of 425458?
5
What is the thousands digit of 2627466?
7
What is the tens digit of 229770?
7
What is the units digit of 3442290?
0
What is the tens digit of 71374?
7
What is the units digit of 8468978?
8
What is the hundred thousands digit of 315751?
3
What is the hundreds digit of 741967?
9
What is the ten thousands digit of 3498655?
9
What is the ten thousands digit of 11025953?
2
What is the ten thousands digit of 573828?
7
What is the tens digit of 1600996?
9
What is the thousands digit of 161628?
1
What is the millions digit of 38230685?
8
What is the hundred thousands digit of 1023301?
0
What is the hundred thousands digit of 20610015?
6
What is the units digit of 2115399?
9
What is the tens digit of 249570?
7
What is the ten thousands digit of 25712364?
1
What is the hundreds digit of 14969699?
6
What is the units digit of 247248?
8
What is the ten thousands digit of 55760?
5
What is the tens digit of 15128703?
0
What is the millions digit of 3374473?
3
What is the units digit of 180179?
9
What is the units digit of 888725?
5
What is the ten thousands digit of 212143?
1
What is the units digit of 475574?
4
What is the millions digit of 1907099?
1
What is the ten thousands digit of 490432?
9
What is the hundreds digit of 793474?
4
What is the ten thousands digit of 2558586?
5
What is the thousands digit of 2473927?
3
What is the tens digit of 1241523?
2
What is the ten thousands digit of 14942189?
4
What is the millions digit of 6292062?
6
What is the units digit of 2563124?
4
What is the millions digit of 1774650?
1
What is the ten thousands digit of 142205?
4
What is the tens digit of 25863251?
5
What is the hundreds digit of 4860132?
1
What is the tens digit of 2481640?
4
What is the hundreds digit of 18882814?
8
What is the units digit of 1384708?
8
What is the thousands digit of 8239095?
9
What is the units digit of 683518?
8
What is the tens digit of 7217033?
3
What is the hundreds digit of 819801?
8
What is the hundreds digit of 484115?
1
What is the thousands digit of 9497045?
7
What is the ten thousands digit of 1453264?
5
What is the thousands digit of 499658?
9
What is the hundreds digit of 2026641?
6
What is the thousands digit of 1393117?
3
What is the tens digit of 14210590?
9
What is the millions digit of 1239583?
1
What is the thousands digit of 27329995?
9
What is the hundreds digit of 29948?
9
What is the hundred thousands digit of 269058?
2
What is the tens digit of 14162920?
2
What is the units digit of 165480?
0
What is the units digit of 7276029?
9
What is the hundreds digit of 11631775?
7
What is the thousands digit of 195796?
5
What is the hundred thousands digit of 494851?
4
What is the thousands digit of 173092?
3
What is the units digit of 324091?
1
What is the hundred thousands digit of 642444?
6
What is the thousands digit of 56552?
6
What is the hundreds digit of 46498?
4
What is the ten millions digit of 34415065?
3
What is the units digit of 313324?
4
What is the units digit of 787220?
0
What is the units digit of 5925635?
5
What is the hundreds digit of 372524?
5
What is the hundreds digit of 293692?
6
What is the units digit of 333547?
7
What is the hundred thousands digit of 499699?
4
What is the hundreds digit of 478278?
2
What is the hundreds digit of 764383?
3
What is the thousands digit of 768002?
8
What is the units digit of 604?
4
What is the units digit of 1116866?
6
What is the units digit of 351630?
0
What is the hundreds digit of 951752?
7
What is the thousands digit of 3227415?
7
What is the ten thousands digit of 401413?
0
What is the hundred thousands digit of 333939?
3
What is the units digit of 35419305?
5
What is the units digit of 2863579?
9
What is the units digit of 23652046?
6
What is the hundreds digit of 1506192?
1
What is the ten thousands digit of 4400041?
0
What is the ten thousands digit of 86643?
8
What is the millions digit of 10584894?
0
What is the tens digit of 1814524?
2
What is the tens digit of 53008?
0
What is the units digit of 454797?
7
What is the millions digit of 3070895?
3
What is the hundreds digit of 93743?
7
What is the millions digit of 1460748?
1
What is the millions digit of 12820967?
2
What is the tens digit of 474860?
6
What is the hundreds digit of 386348?
3
What is the thousands digit of 3105170?
5
What is the tens digit of 322965?
6
What is the units digit of 146498?
8
What is the hundreds digit of 2343094?
0
What is the thousands digit of 584774?
4
What is the hundreds digit of 381576?
5
What is the hundreds digit of 428355?
3
What is the hundred thousands digit of 2172206?
1
What is the tens digit of 3266183?
8
What is the thousands digit of 368406?
8
What is the thousands digit of 366637?
6
What is the ten thousands digit of 9761783?
6
What is the tens digit of 185438?
3
What is the tens digit of 947369?
6
What is the hundreds digit of 6643890?
8
What is the tens digit of 2436444?
4
What is the thousands digit of 15268?
5
What is the hundreds digit of 61683?
6
What is the ten thousands digit of 1703885?
0
What is the units digit of 14968564?
4
What is the units digit of 536804?
4
What is the hundreds digit of 645308?
3
What is the hundred thousands digit of 169721?
1
What is the ten thousands digit of 1077963?
7
What is the units digit of 385799?
9
What is the thousands digit of 160275?
0
What is the thousands digit of 1201385?
1
What is the hundred thousands digit of 332237?
3
What is the hundreds digit of 197368?
3
What is the ten thousands digit of 2921701?
2
What is the hundreds digit of 4335489?
4
What is the units digit of 30314768?
8
What is the millions digit of 1314663?
1
What is the ten thousands digit of 1009964?
0
What is the ten thousands digit of 3843920?
4
What is the millions digit of 8789863?
8
What is the hundreds digit of 1887532?
5
What is the thousands digit of 399781?
9
What is the hundreds digit of 5461098?
0
What is the ten thousands digit of 3386020?
8
What is the thousands digit of 293359?
3
What is the tens digit of 1131137?
3
What is the hundreds digit of 114834?
8
What is the ten thousands digit of 298567?
9
What is the ten thousands digit of 7569582?
6
What is the units digit of 79619?
9
What is the units digit of 862733?
3
What is the hundred thousands digit of 7174121?
1
What is the tens digit of 14547950?
5
What is the ten thousands digit of 192988?
9
What is the thousands digit of 7532901?
2
What is the ten thousands digit of 9051847?
5
What is the tens digit of 7378712?
1
What is the hundreds digit of 1480708?
7
What is the ten thousands digit of 19356214?
5
What is the units digit of 121972?
2
What is the hundreds digit of 837329?
3
What is the hundreds digit of 4853342?
3
What is the tens digit of 414416?
1
What is the thousands digit of 4120917?
0
What is the units digit of 38910?
0
What is the ten thousands digit of 1554322?
5
What is the ten thousands digit of 481963?
8
What is the ten thousands digit of 8897184?
9
What is the hundred thousands digit of 301479?
3
What is the millions digit of 5977954?
5
What is the thousands digit of 2004733?
4
What is the ten thousands digit of 348077?
4
What is the thousands digit of 209315?
9
What is the hundreds digit of 6504966?
9
What is the units digit of 215029